{"id":867,"date":"2019-01-09T23:06:31","date_gmt":"2019-01-09T21:06:31","guid":{"rendered":"http:\/\/loeschundkollegen.de\/?page_id=867"},"modified":"2024-02-19T14:33:52","modified_gmt":"2024-02-19T12:33:52","slug":"team-umkirch","status":"publish","type":"page","link":"https:\/\/loeschundkollegen.de\/?page_id=867","title":{"rendered":"Team Umkirch\/Freiburg"},"content":{"rendered":"<p><a href=\"http:\/\/loeschundkollegen.de\/wp-content\/uploads\/2021\/10\/IMG_0745.jpg\"><img loading=\"lazy\" decoding=\"async\" class=\"alignnone size-large wp-image-2839\" src=\"http:\/\/loeschundkollegen.de\/wp-content\/uploads\/2021\/10\/IMG_0745-1024x768.jpg\" alt=\"\" width=\"660\" height=\"495\" srcset=\"https:\/\/loeschundkollegen.de\/wp-content\/uploads\/2021\/10\/IMG_0745-1024x768.jpg 1024w, https:\/\/loeschundkollegen.de\/wp-content\/uploads\/2021\/10\/IMG_0745-300x225.jpg 300w, https:\/\/loeschundkollegen.de\/wp-content\/uploads\/2021\/10\/IMG_0745-768x576.jpg 768w, https:\/\/loeschundkollegen.de\/wp-content\/uploads\/2021\/10\/IMG_0745-1536x1152.jpg 1536w, https:\/\/loeschundkollegen.de\/wp-content\/uploads\/2021\/10\/IMG_0745.jpg 2016w\" sizes=\"auto, (max-width: 660px) 100vw, 660px\" \/><\/a><\/p>\n<p>Die Praxis in Umkirch besteht seit 2019 und ist zur Zeit mit Marie-Luise K\u00fcnzler und Marta Bruzszek , Dijana Stefanovic (z.zt in Mutterschutz) und Alexandra Schilling (z.zt in Mutterschutz), alle Psychotherapeutinnen f\u00fcr Kinder und Jugendliche, sowie Marcus L\u00f6sch, Psychologischer Psychotherapeut, besetzt. Hier werden ausschlie\u00dflich Kinder, Jugendliche und junge Erwachsene (bis max. 25 Jahren) behandelt. Die Behandlung findet am gleichen Standort wie Kinderarzt Praxis Arche statt.<\/p>\n<p>Wir sind alle Verhaltenstherapeuten und hat vielf\u00e4ltige und umfassende Erfahrung mit allen St\u00f6rungsbildern bei Kindern, Jugendlichen und jungen Erwachsenen. Dar\u00fcber hinaus bestehen vielf\u00e4ltige Weiterbildungen und Spezialisierungen und alles Bereichen er Kinder- und Jugendlichen Psychotherapie.<\/p>\n<p>Die Praxis in in Freiburg hat 2023 er\u00f6ffnet und \u00a0dort f\u00fchren wir eine reine Selektivvertragspraxis f\u00fcr Erwachsene Patienten. Dort werden ausschlie\u00dflich Einzel- und Gruppentherapien f\u00fcr Erwachsene angeboten.<\/p>\n<p>Die behandelnde Therapeutin ist Fr. Rebstock, welche sowohl in Stuttgart als auch in Freiburg t\u00e4tig ist.<\/p>\n<div class=\"\"><\/div>\n<p><strong>Die Leistungen in Freiburg sind nur f\u00fcr Patienten der<em> AOK<\/em> und <em>Bosch Bkk<\/em> welche im Hausarztmodell eingeschrieben sind, sowie f\u00fcr Patienten der <em>Daimler Bkk<\/em> als auch f\u00fcr alle anderen Betriebskassen welche in den\u00a0<em><a href=\"https:\/\/www.mediverbund-ag.de\/file\/9406\">BKKs der VAG<\/a><\/em> organisiert sind, abrechenbar.<\/strong> <strong>F\u00fcr diese Krankenkassen haben wir einen sog. Selektivvertrag abgeschlossen. Das bedeutet diese Kassen haben eine individuelle Vereinbarung mit uns getroffen und k\u00f6nnen ganz normal \u00fcber ihre Versichertenkarte aufgenommen werden. <\/strong><\/p>\n<p>Alle Patienten die bei einer anderen Krankenkasse versichert sind k\u00f6nnen am Standort Freiburg als Selbstzahler aufgenommen werden.<\/p>\n<p>Privatpatienten unterliegen einem anderen System und k\u00f6nnen immer aufgenommen werden.<\/p>\n<p>Herr L\u00f6sch ist punktuell in beiden Praxen vor Ort.<\/p>\n<p>Dies geschieht in enger Kooperation mit dem Kinder\u00e4rzte Team der\u00a0<a href=\"https:\/\/www.kinderaerzte-team.de\/\">ARCHE Kinder- und Jugend\u00e4rzte<\/a><\/p>\n","protected":false},"excerpt":{"rendered":"<p>Die Praxis in Umkirch besteht seit 2019 und ist zur Zeit mit Marie-Luise K\u00fcnzler und Marta Bruzszek , Dijana Stefanovic (z.zt in Mutterschutz) und Alexandra Schilling (z.zt in Mutterschutz), alle Psychotherapeutinnen f\u00fcr Kinder und Jugendliche, sowie Marcus L\u00f6sch, Psychologischer Psychotherapeut, besetzt. Hier werden ausschlie\u00dflich Kinder, Jugendliche und junge Erwachsene (bis max. 25 Jahren) behandelt. Die &hellip; <a href=\"https:\/\/loeschundkollegen.de\/?page_id=867\" class=\"more-link\"><span class=\"screen-reader-text\">Team Umkirch\/Freiburg<\/span> weiterlesen<\/a><\/p>\n","protected":false},"author":1,"featured_media":0,"parent":0,"menu_order":0,"comment_status":"closed","ping_status":"closed","template":"","meta":{"footnotes":""},"class_list":["post-867","page","type-page","status-publish","hentry"],"_links":{"self":[{"href":"https:\/\/loeschundkollegen.de\/index.php?rest_route=\/wp\/v2\/pages\/867","targetHints":{"allow":["GET"]}}],"collection":[{"href":"https:\/\/loeschundkollegen.de\/index.php?rest_route=\/wp\/v2\/pages"}],"about":[{"href":"https:\/\/loeschundkollegen.de\/index.php?rest_route=\/wp\/v2\/types\/page"}],"author":[{"embeddable":true,"href":"https:\/\/loeschundkollegen.de\/index.php?rest_route=\/wp\/v2\/users\/1"}],"replies":[{"embeddable":true,"href":"https:\/\/loeschundkollegen.de\/index.php?rest_route=%2Fwp%2Fv2%2Fcomments&post=867"}],"version-history":[{"count":38,"href":"https:\/\/loeschundkollegen.de\/index.php?rest_route=\/wp\/v2\/pages\/867\/revisions"}],"predecessor-version":[{"id":4528,"href":"https:\/\/loeschundkollegen.de\/index.php?rest_route=\/wp\/v2\/pages\/867\/revisions\/4528"}],"wp:attachment":[{"href":"https:\/\/loeschundkollegen.de\/index.php?rest_route=%2Fwp%2Fv2%2Fmedia&parent=867"}],"curies":[{"name":"wp","href":"https:\/\/api.w.org\/{rel}","templated":true}]}}