{"id":4546,"date":"2025-01-12T11:49:12","date_gmt":"2025-01-12T09:49:12","guid":{"rendered":"https:\/\/loeschundkollegen.de\/?page_id=4546"},"modified":"2026-03-22T13:16:47","modified_gmt":"2026-03-22T11:16:47","slug":"4546-2","status":"publish","type":"page","link":"https:\/\/loeschundkollegen.de\/?page_id=4546","title":{"rendered":"Sinah Bieg"},"content":{"rendered":"\n<p><strong>Sinah Bieg<\/strong><br><em>M.A. Bildungswissenschaften \/ Kinder- und Jugendlichentherapeutin<\/em><\/p>\n\n\n\n<ul class=\"wp-block-list\"><li>Ausbildung zur Kinder- und Jugendlichenpsychotherapeutin mit dem Schwerpunkt Verhaltenstherapie an der T\u00fcbinger Akademie f\u00fcr Kinder- und Jugendlichenpsychotherapie (TAKT)<\/li><li>Master of Arts (M.A.) in Erziehungs- und Bildungswissenschaft an der P\u00e4dagogischen Hochschule Karlsruhe<\/li><li>Bachelor of Arts (B.A.) in Bildungswissenschaft \/ Lebenslanges Lernen an der P\u00e4dagogischen Hochschule Ludwigsburg<\/li><li>Therapeutische T\u00e4tigkeit an der Hochschulambulanz der Universit\u00e4t T\u00fcbingen<\/li><li>Therapeutische T\u00e4tigkeit in der Klinik f\u00fcr Kinder- und Jugendpsychiatrie, Psychosomatik und Psychotherapie Esslingen<\/li><li>Mehrj\u00e4hrige T\u00e4tigkeit in der Familienbildung am Ministerium f\u00fcr Soziales und Integration Baden-W\u00fcrttemberg<\/li><\/ul>\n\n\n\n<p> <span style=\"color: #800000;\">T: 0711-28042032<\/span> <span style=\"text-align: center;\"><span style=\"color: #800000;\">E: <a style=\"color: #800000;\" href=\"mailto:s.bieg@loeschundkollegen.de\">s.bieg@loeschundkollegen.de<\/a><\/span><\/p><\/p>\n","protected":false},"excerpt":{"rendered":"<p>Sinah BiegM.A. Bildungswissenschaften \/ Kinder- und Jugendlichentherapeutin Ausbildung zur Kinder- und Jugendlichenpsychotherapeutin mit dem Schwerpunkt Verhaltenstherapie an der T\u00fcbinger Akademie f\u00fcr Kinder- und Jugendlichenpsychotherapie (TAKT) Master of Arts (M.A.) in Erziehungs- und Bildungswissenschaft an der P\u00e4dagogischen Hochschule Karlsruhe Bachelor of Arts (B.A.) in Bildungswissenschaft \/ Lebenslanges Lernen an der P\u00e4dagogischen Hochschule Ludwigsburg Therapeutische T\u00e4tigkeit an &hellip; <a href=\"https:\/\/loeschundkollegen.de\/?page_id=4546\" class=\"more-link\"><span class=\"screen-reader-text\">Sinah Bieg<\/span> weiterlesen<\/a><\/p>\n","protected":false},"author":1,"featured_media":4554,"parent":32,"menu_order":0,"comment_status":"closed","ping_status":"closed","template":"","meta":{"footnotes":""},"class_list":["post-4546","page","type-page","status-publish","has-post-thumbnail","hentry"],"_links":{"self":[{"href":"https:\/\/loeschundkollegen.de\/index.php?rest_route=\/wp\/v2\/pages\/4546","targetHints":{"allow":["GET"]}}],"collection":[{"href":"https:\/\/loeschundkollegen.de\/index.php?rest_route=\/wp\/v2\/pages"}],"about":[{"href":"https:\/\/loeschundkollegen.de\/index.php?rest_route=\/wp\/v2\/types\/page"}],"author":[{"embeddable":true,"href":"https:\/\/loeschundkollegen.de\/index.php?rest_route=\/wp\/v2\/users\/1"}],"replies":[{"embeddable":true,"href":"https:\/\/loeschundkollegen.de\/index.php?rest_route=%2Fwp%2Fv2%2Fcomments&post=4546"}],"version-history":[{"count":8,"href":"https:\/\/loeschundkollegen.de\/index.php?rest_route=\/wp\/v2\/pages\/4546\/revisions"}],"predecessor-version":[{"id":4590,"href":"https:\/\/loeschundkollegen.de\/index.php?rest_route=\/wp\/v2\/pages\/4546\/revisions\/4590"}],"up":[{"embeddable":true,"href":"https:\/\/loeschundkollegen.de\/index.php?rest_route=\/wp\/v2\/pages\/32"}],"wp:featuredmedia":[{"embeddable":true,"href":"https:\/\/loeschundkollegen.de\/index.php?rest_route=\/wp\/v2\/media\/4554"}],"wp:attachment":[{"href":"https:\/\/loeschundkollegen.de\/index.php?rest_route=%2Fwp%2Fv2%2Fmedia&parent=4546"}],"curies":[{"name":"wp","href":"https:\/\/api.w.org\/{rel}","templated":true}]}}