{"id":4442,"date":"2022-10-21T18:03:17","date_gmt":"2022-10-21T16:03:17","guid":{"rendered":"https:\/\/loeschundkollegen.de\/?page_id=4442"},"modified":"2022-12-30T16:56:49","modified_gmt":"2022-12-30T14:56:49","slug":"frederike-reinhardt","status":"publish","type":"page","link":"https:\/\/loeschundkollegen.de\/?page_id=4442","title":{"rendered":"Frederike Reinhardt"},"content":{"rendered":"\n<p><a href=\"http:\/\/loeschundkollegen.de\/wp-content\/uploads\/2022\/10\/IMG_4695-scaled.jpg\"><img loading=\"lazy\" decoding=\"async\" class=\"size-large wp-image-4447 aligncenter\" src=\"http:\/\/loeschundkollegen.de\/wp-content\/uploads\/2022\/10\/IMG_4695-768x1024.jpg\" alt=\"\" width=\"660\" height=\"880\" srcset=\"https:\/\/loeschundkollegen.de\/wp-content\/uploads\/2022\/10\/IMG_4695-768x1024.jpg 768w, https:\/\/loeschundkollegen.de\/wp-content\/uploads\/2022\/10\/IMG_4695-225x300.jpg 225w, https:\/\/loeschundkollegen.de\/wp-content\/uploads\/2022\/10\/IMG_4695-1152x1536.jpg 1152w, https:\/\/loeschundkollegen.de\/wp-content\/uploads\/2022\/10\/IMG_4695-1536x2048.jpg 1536w, https:\/\/loeschundkollegen.de\/wp-content\/uploads\/2022\/10\/IMG_4695-scaled.jpg 1920w\" sizes=\"auto, (max-width: 660px) 100vw, 660px\" \/><\/a><\/p>\n<div dir=\"auto\"><strong>M. A. Frederike Reinhardt\u00a0<\/strong><\/div>\n<div dir=\"auto\"><em>Kinder &#8211; und Jugendlichenpsychotherapeutin<\/em><\/div>\n<div dir=\"auto\">\u00a0<\/div>\n<ul>\n<li dir=\"auto\">Studium der P\u00e4dagogik mit Schwerpunkt Sozialp\u00e4dagogik (B.A.) an der KU Eichst\u00e4tt<\/li>\n<li dir=\"auto\">Studium der Erziehungs- und Bildungswissenschaft mit Schwerpunkt Sozialp\u00e4dagogik (M.A.) an der Otto-Friedrich-Universit\u00e4t Bamberg<\/li>\n<li dir=\"auto\">Ausbildung zur Kinder &#8211; und Jugendlichenpsychotherapeutin (Verhaltenstherapie) in der Luisenklinik Bad D\u00fcrrheim &#8211; Zentrum f\u00fcr Verhaltensmedizin<\/li>\n<li dir=\"auto\">Station\u00e4re und ambulante Erfahrungen im Einzel- und Gruppensetting sowie Kriseninterventionen<\/li>\n<\/ul>\n<p style=\"text-align: center;\"><span style=\"color: #800000;\">Tel.: 0711\/ 280 435 04&nbsp;&nbsp; E: <a style=\"color: #800000;\" href=\"mailto:f.reinhardt@loeschundkollegen.de\">f.reinhardt@loeschundkollegen.de<\/a><\/span><\/p>\n","protected":false},"excerpt":{"rendered":"<p>M. A. Frederike Reinhardt\u00a0 Kinder &#8211; und Jugendlichenpsychotherapeutin \u00a0 Studium der P\u00e4dagogik mit Schwerpunkt Sozialp\u00e4dagogik (B.A.) an der KU Eichst\u00e4tt Studium der Erziehungs- und Bildungswissenschaft mit Schwerpunkt Sozialp\u00e4dagogik (M.A.) an der Otto-Friedrich-Universit\u00e4t Bamberg Ausbildung zur Kinder &#8211; und Jugendlichenpsychotherapeutin (Verhaltenstherapie) in der Luisenklinik Bad D\u00fcrrheim &#8211; Zentrum f\u00fcr Verhaltensmedizin Station\u00e4re und ambulante Erfahrungen im Einzel- &hellip; <a href=\"https:\/\/loeschundkollegen.de\/?page_id=4442\" class=\"more-link\"><span class=\"screen-reader-text\">Frederike Reinhardt<\/span> weiterlesen<\/a><\/p>\n","protected":false},"author":1,"featured_media":0,"parent":0,"menu_order":0,"comment_status":"closed","ping_status":"closed","template":"","meta":{"footnotes":""},"class_list":["post-4442","page","type-page","status-publish","hentry"],"_links":{"self":[{"href":"https:\/\/loeschundkollegen.de\/index.php?rest_route=\/wp\/v2\/pages\/4442","targetHints":{"allow":["GET"]}}],"collection":[{"href":"https:\/\/loeschundkollegen.de\/index.php?rest_route=\/wp\/v2\/pages"}],"about":[{"href":"https:\/\/loeschundkollegen.de\/index.php?rest_route=\/wp\/v2\/types\/page"}],"author":[{"embeddable":true,"href":"https:\/\/loeschundkollegen.de\/index.php?rest_route=\/wp\/v2\/users\/1"}],"replies":[{"embeddable":true,"href":"https:\/\/loeschundkollegen.de\/index.php?rest_route=%2Fwp%2Fv2%2Fcomments&post=4442"}],"version-history":[{"count":4,"href":"https:\/\/loeschundkollegen.de\/index.php?rest_route=\/wp\/v2\/pages\/4442\/revisions"}],"predecessor-version":[{"id":4482,"href":"https:\/\/loeschundkollegen.de\/index.php?rest_route=\/wp\/v2\/pages\/4442\/revisions\/4482"}],"wp:attachment":[{"href":"https:\/\/loeschundkollegen.de\/index.php?rest_route=%2Fwp%2Fv2%2Fmedia&parent=4442"}],"curies":[{"name":"wp","href":"https:\/\/api.w.org\/{rel}","templated":true}]}}